d 715?
65
Calculate the greatest common factor of 1100 and 385.
55
Calculate the highest common divisor of 85 and 85.
85
What is the greatest common divisor of 81 and 621?
27
What is the greatest common factor of 1 and 8461?
1
Calculate the highest common divisor of 3420 and 2508.
228
What is the greatest common factor of 344 and 136?
8
Calculate the highest common factor of 15 and 405.
15
Calculate the greatest common factor of 17 and 74953.
17
What is the greatest common divisor of 23 and 23?
23
Calculate the greatest common divisor of 169 and 13.
13
What is the highest common divisor of 219 and 1387?
73
What is the highest common factor of 15 and 29355?
15
Calculate the highest common divisor of 225 and 100.
25
What is the greatest common factor of 3 and 57?
3
Calculate the greatest common factor of 1178 and 310.
62
Calculate the highest common divisor of 46 and 16.
2
Calculate the greatest common factor of 44774 and 1101.
367
What is the greatest common divisor of 18 and 1458?
18
Calculate the greatest common factor of 119 and 136.
17
What is the highest common divisor of 6402 and 132?
66
What is the highest common factor of 693 and 2331?
63
What is the highest common factor of 19780 and 344?
172
What is the greatest common divisor of 8768 and 411?
137
What is the greatest common factor of 10 and 10?
10
What is the highest common divisor of 56 and 3374?
14
What is the highest common factor of 16 and 80?
16
What is the highest common divisor of 39150 and 54?
54
What is the highest common factor of 56 and 182?
14
What is the highest common divisor of 1160 and 120?
40
What is the highest common divisor of 64 and 1240?
8
What is the highest common divisor of 24 and 312?
24
What is the highest common divisor of 4794 and 4230?
282
What is the greatest common divisor of 410 and 656?
82
What is the highest common factor of 34 and 27982?
34
What is the highest common factor of 324 and 1836?
108
Calculate the greatest common divisor of 92 and 8.
4
What is the highest common factor of 63 and 9?
9
What is the highest common factor of 155 and 62?
31
What is the highest common divisor of 492 and 21894?
246
Calculate the highest common factor of 15 and 825.
15
What is the highest common divisor of 39 and 975?
39
Calculate the greatest common divisor of 1302 and 48.
6
What is the highest common factor of 55 and 3795?
55
What is the highest common factor of 12 and 452?
4
Calculate the greatest common divisor of 575 and 23.
23
What is the highest common factor of 25 and 41500?
25
Calculate the greatest common factor of 833 and 85.
17
What is the greatest common factor of 4576 and 156?
52
What is the greatest common factor of 196 and 2324?
28
Calculate the greatest common factor of 8 and 824.
8
Calculate the highest common divisor of 147 and 4746.
21
What is the highest common divisor of 52152 and 318?
318
What is the greatest common factor of 1160 and 760?
40
Calculate the greatest common factor of 234 and 189.
9
Calculate the greatest common factor of 24601 and 219.
73
Calculate the highest common divisor of 24 and 232.
8
Calculate the greatest common factor of 9 and 531.
9
What is the highest common factor of 24 and 918?
6
What is the greatest common factor of 30 and 8145?
15
Calculate the highest common divisor of 18 and 225.
9
What is the greatest common divisor of 377 and 58?
29
What is the greatest common factor of 24 and 1596?
12
What is the highest common factor of 114 and 38?
38
What is the highest common factor of 19 and 306?
1
What is the greatest common factor of 760 and 437?
19
What is the highest common factor of 1576 and 72?
8
Calculate the highest common divisor of 288 and 18.
18
Calculate the highest common divisor of 9307 and 451.
41
What is the greatest common factor of 2975 and 935?
85
Calculate the highest common divisor of 27 and 2781.
27
What is the highest common factor of 170 and 580?
10
What is the highest common divisor of 152 and 1102?
38
Calculate the highest common divisor of 10541 and 127.
127
Calculate the greatest common divisor of 888 and 24.
24
What is the greatest common factor of 24 and 1140?
12
What is the highest common factor of 1005 and 60?
15
What is the highest common factor of 32 and 13456?
16
Calculate the highest common divisor of 656 and 41.
41
What is the greatest common divisor of 2 and 2?
2
Calculate the highest common divisor of 8271 and 9.
9
What is the greatest common factor of 44 and 16?
4
Calculate the greatest common factor of 160 and 185.
5
Calculate the highest common divisor of 1440 and 75.
15
Calculate the highest common factor of 374 and 550.
22
What is the highest common divisor of 31 and 992?
31
What is the highest common divisor of 2562 and 144?
6
Calculate the highest common divisor of 17064 and 216.
216
Calculate the highest common divisor of 429 and 44.
11
What is the greatest common divisor of 320 and 100?
20
Calculate the highest common divisor of 2187 and 54.
27
What is the highest common divisor of 316 and 237?
79
Calculate the highest common factor of 9075 and 25.
25
Calculate the highest common factor of 657 and 73.
73
What is the highest common divisor of 88 and 209?
11
Calculate the greatest common factor of 50 and 1025.
25
What is the greatest common divisor of 9 and 171?
9
Calculate the highest common divisor of 38 and 42902.
38
What is the highest common factor of 4675 and 330?
55
Calculate the highest common factor of 282 and 6.
6
Calculate the greatest common divisor of 45 and 5820.
15
Calculate the greatest common divisor of 21210 and 210.
210
Calculate the greatest common factor of 104 and 138.
2
Calculate the highest common factor of 352 and 143.
11
Calculate the highest common divisor of 11 and 89.
1
Calculate the greatest common factor of 1334 and 1794.
46
What is the greatest common divisor of 1225 and 50?
25
Calculate the greatest common factor of 1074 and 1253.
179
What is the greatest common factor of 30 and 11142?
6
What is the highest common divisor of 279 and 9?
9
What is the greatest common divisor of 8823 and 51?
51
Calculate the highest common factor of 52 and 52.
52
Calculate the greatest common factor of 265 and 159.
53
What is the highest common factor of 324 and 384?
12
What is the greatest common divisor of 5063 and 61?
61
What is the highest common divisor of 484 and 2057?
121
What is the highest common divisor of 91 and 52?
13
Calculate the highest common divisor of 1218 and 42.
42
Calculate the greatest common divisor of 76 and 1292.
76
What is the greatest common factor of 1 and 162?
1
Calculate the greatest common factor of 7437 and 603.
201
Calculate the highest common factor of 15 and 88050.
15
Calculate the greatest common divisor of 56 and 56.
56
What is the greatest common factor of 8 and 20456?
8
What is the highest common factor of 8651 and 41?
41
What is the highest common factor of 568 and 328?
8
Calculate the greatest common divisor of 184 and 230.
46
Calculate the greatest common factor of 87 and 22794.
87
Calculate the highest common factor of 708 and 336.
12
Calculate the highest common factor of 2844 and 126.
18
Calculate the highest common divisor of 652 and 41402.
326
What is the highest common divisor of 6 and 1626?
6
Calculate the greatest common factor of 133 and 19.
19
What is the greatest common factor of 9 and 1566?
9
What is the greatest common divisor of 31 and 5580?
31
What is the highest common factor of 132 and 35772?
132
What is the highest common factor of 4548 and 36?
12
What is the highest common divisor of 18 and 882?
18
What is the highest common factor of 1938 and 204?
102
What is the highest common divisor of 207 and 279?
9
What is the highest common factor of 184 and 161?
23
What is the highest common divisor of 10164 and 105?
21
What is the highest common factor of 52 and 780?
52
What is the highest common factor of 716 and 25418?
358
What is the greatest common divisor of 252 and 28098?
126
Calculate the greatest common divisor of 16 and 16784.
16
What is the highest common factor of 1048 and 56?
8
What is the greatest common factor of 480 and 4960?
160
What is the greatest common divisor of 20368 and 32?
16
What is the highest common factor of 1506 and 6?
6
What is the greatest common divisor of 492 and 16?
4
C